(u) = 8*u + 44. Let g be o(8). Calculate the greatest common factor of 135 and g.
27
Suppose 60*g = 68*g - 2592. What is the highest common factor of 180 and g?
36
Let w(q) = 24*q**2 + 4. Let c be w(-2). Suppose -f + 10 = -10. Calculate the greatest common divisor of c and f.
20
Let h = 58 + 5. Calculate the highest common factor of 35 and h.
7
Let r be 12 + 39 - (-1)/((-3)/(-3)). Calculate the greatest common factor of 91 and r.
13
Suppose -4*t + 5*j + 19 = 0, -3*j - 10 = -t - 0*t. Let x be (0 + -2 + t)*4. Let u(k) = -3*k + 4. Let r be u(x). What is the greatest common factor of r and 8?
8
Suppose 0 = -5*i + 4*i. Suppose -q + 4*j = 3*q + 4, i = -5*j + 25. Calculate the greatest common divisor of 28 and q.
4
Suppose 84 = 17*i + 2634. Let z = -5 - i. What is the greatest common divisor of z and 29?
29
Suppose -5 + 3 = -2*y. Let b be 132/4 - (-2)/(1/y). Calculate the highest common divisor of b and 14.
7
Suppose -38*a - 239 = -2709. Calculate the highest common divisor of a and 1040.
65
Suppose -6*m = -9*m + 69. Suppose -4*o + 256 = -5*v, 2*v + 61 = -4*o + 5*o. What is the greatest common divisor of m and o?
23
Let j = -1917 - -2154. Calculate the highest common factor of j and 1106.
79
Let v(a) = -11*a + 53. Let z(q) = 4*q - 18. Let u(b) = 2*v(b) + 7*z(b). Let g be u(9). What is the highest common factor of g and 68?
34
Suppose -5*u = -15, j - 4*u + 120 = 3*j. What is the greatest common divisor of j and 36?
18
Let q(k) = 203*k - 28. Let d be q(2). What is the highest common factor of 42 and d?
42
Suppose -2*g = 5*h + 12, -15 = 3*h - 3*g + 9. Let i = h + 10. Suppose -30 = i*r - 11*r. Calculate the greatest common divisor of r and 12.
6
Suppose 3*a = 3*i + 204, 2*i = a - 57 - 15. What is the highest common factor of 1600 and a?
64
Let a be ((-9)/4 - 12/(-8))*-8. Suppose 0 = c - 3*c + 108. Calculate the highest common divisor of c and a.
6
Let t be (-2)/(-4) - (-54)/4. Suppose -t*n = -8*n - 72. Let i be 4/3*1*36. Calculate the greatest common divisor of i and n.
12
Let t = -1111 + 1115. Calculate the highest common factor of t and 148.
4
Let c = -341 - -348. Calculate the highest common factor of c and 14.
7
Suppose 1982 = 41*h - 2118. Calculate the highest common factor of 175 and h.
25
Let v be -90*(24/10 + (-3)/1). What is the highest common factor of v and 24?
6
Let o be ((-3)/(-2))/((-6)/(-1760)). Calculate the highest common factor of 50 and o.
10
Let y(k) = k - 8. Let w = 84 - 66. Let t be y(w). Calculate the highest common factor of t and 50.
10
Suppose 0 = -2*a - 4*i - 274, 2*a - 280 = 4*a + i. Let k = 306 + a. Calculate the highest common factor of k and 15.
15
Suppose 6*b - 2*b + 9 = f, 5*f + 2*b = 133. Suppose -l + c - 2 = -f, -5 = -5*c. What is the highest common factor of l and 16?
8
Suppose 4*m - 7*m + 50 = -4*f, -3*f = -3. Calculate the greatest common factor of m and 63.
9
Suppose 937 = 8*u - 207. What is the greatest common divisor of 52 and u?
13
Suppose -3 + 4 = -r. Suppose 0 = -5*d + 4*d + 104. Let v be (d/39)/(r/(-3)). What is the greatest common divisor of v and 8?
8
Suppose 4*c = c - 9. Let k be 13 - (c - -11 - 4). Let n(i) = 7*i**2 + 2*i + 3. Let s be n(-2). Calculate the greatest common factor of k and s.
9
Suppose 30*k - 25*k - 30 = 0. Suppose -2*i + k*i - 280 = 0. What is the greatest common divisor of i and 7?
7
Let q = 59 + -100. Let p = q + 60. Suppose -114 = -4*g + 114. What is the highest common factor of p and g?
19
Let m(n) = 1 - 2 - n**3 + 1 - 11*n**2 + 10*n. Let h be m(-12). Suppose 7*p = 3*p + 32. What is the highest common divisor of p and h?
8
Let l = -298 - -312. What is the greatest common divisor of 112 and l?
14
Let a(u) = -u**3 - 5*u**2 + 11*u - 11. Let v be a(-9). Let z = v + -89. Calculate the greatest common divisor of z and 25.
25
Let k be -2 + 36/(1 + 2). Let g(i) = 3*i - 25. Let d be g(k). Let u be (-3 - -12) + 20/d. What is the greatest common factor of 39 and u?
13
Suppose 7*y - 30 = 4*y. What is the greatest common divisor of y and 260?
10
Suppose 42 = 7*i - 21. Let p(c) = c**3 + 12*c**2 + 4*c + 4. Let w be p(-11). What is the highest common divisor of w and i?
9
Let p(l) = -l**3 - 28*l**2 + 6*l**2 - 11*l - 21 - 13*l. Let t be p(-21). Calculate the greatest common factor of t and 28.
14
Suppose -4*g + g + 22 = 4*t, -2*g + 2*t = -38. Suppose 5*i - 4 = -3*f, 5*f - g = -5*i + 6. Calculate the highest common divisor of f and 56.
8
Let x be 3/(-2)*8/3 + -59. Let a = x - -73. Let p(q) = -q**2 + 110. Let g be p(0). Calculate the greatest common divisor of g and a.
10
Let u = 191 + -159. Calculate the greatest common divisor of u and 32.
32
Suppose 3*j = k + 52, 3*j = -3*k - 0*k + 48. Suppose j*y = 20*y - 78. Let u be y + ((-8)/(-2))/4. Calculate the highest common divisor of 3 and u.
3
Suppose 54 = -1290*a + 1293*a. Calculate the highest common divisor of 18 and a.
18
Let v(i) = -40*i + 304. Let o be v(-10). What is the greatest common factor of 22 and o?
22
Suppose -5*j = -2*s + 7*s - 70, s = 5*j - 4. Suppose p - b = -27 + 33, -5*p = 2*b + 5. Calculate the highest common factor of p and s.
1
Let z(y) = -y**3 + 35*y**2 - 60*y - 55. Let w be z(33). What is the highest common factor of w and 429?
143
Suppose -4*x + 16 = -2*x. Calculate the greatest common factor of x and 24.
8
Let x(l) = 4*l. Let r be x(-1). Let c = -2 - r. Let s be 7 + (15 - (11 + -3)). What is the highest common divisor of s and c?
2
Suppose -4*w + w + 57 = 0. Calculate the greatest common factor of 209 and w.
19
Let u(m) = m - 3. Let f be u(6). Let t(j) = j**2 - 10. Let w be t(0). Let y = w + 19. Calculate the greatest common factor of f and y.
3
Let t = 31 + -31. Suppose -2*r + 4*s - 4 = 0, -3*r + 2*s + 4 + 6 = t. Calculate the greatest common factor of r and 24.
6
Suppose -5*z - 3*s + 42 = 0, -57 = 4*z - 3*s - 69. What is the highest common factor of 66 and z?
6
Let x = -692 - -761. What is the highest common divisor of x and 46?
23
Let w(p) = 6*p**2 + 12*p + 1. Let h be w(-3). Calculate the highest common factor of h and 171.
19
Suppose 79 = 5*w - 5*h - 6, -2*w - 5*h - 1 = 0. Let o = 1879 + -1843. Calculate the highest common factor of w and o.
12
Let g = -512 + 645. What is the greatest common factor of g and 190?
19
Let r = 1340 + -1188. What is the highest common factor of 836 and r?
76
Suppose -2*c - 2*f = -0*c - 36, 4*f = 3*c - 68. Suppose -k - 3*m + m = -c, -k = -m - 11. What is the highest common divisor of k and 21?
7
Let y be (-14)/((-35)/(-49) + -1). What is the greatest common factor of y and 28?
7
Let l = -161 - -189. What is the highest common divisor of 189 and l?
7
Suppose -5*m + 0*m + 16 = -4*p, m - 2*p - 8 = 0. Suppose m = -5*b + 150 + 65. Suppose b + 5 = 2*i. Calculate the greatest common factor of 48 and i.
24
Let b(o) = o**3 - 9*o**2 + 9*o + 25. Let u be b(8). What is the greatest common factor of u and 363?
33
Let u(c) = -c**3 + 7*c**2 + 12*c - 39. Let n be u(7). Calculate the greatest common divisor of 75 and n.
15
Let r(k) = 2*k + 2. Let b be r(10). Let t = -2 + 90. Calculate the greatest common divisor of t and b.
22
Suppose 6*d - 2*d = -n + 351, d - 92 = 4*n. What is the highest common factor of d and 1?
1
Let f = -108 - -253. What is the highest common factor of 29 and f?
29
Let b(r) = r**2 - 8*r + 1. Let o be b(-4). Let j be (-10)/(-8)*(o + (-2 - -5)). What is the greatest common factor of j and 13?
13
Suppose 5*o - 44 = -x, 2*x + 11*o = 8*o + 95. What is the highest common divisor of 56 and x?
7
Suppose c - 37 = 2. Let k = -19 + c. What is the greatest common factor of 30 and k?
10
Suppose 0 = -14*g + 22*g - 64. Calculate the greatest common divisor of 10 and g.
2
Suppose -14*a = -10*a - 4. Let k be -35*((-6)/(-42) - a). What is the greatest common factor of k and 70?
10
Let i(z) = -z**2 - 15*z + 23. Let k be i(-18). Let s = -19 - k. Calculate the highest common factor of 1 and s.
1
Let s be (-1991)/(-5) - (640/(-50) - -12). What is the highest common divisor of 57 and s?
57
Let k be -4 + -1 + 10 + 1092/3. What is the highest common factor of 82 and k?
41
Suppose 0 = -3*j + 7*j + z + 17, 0 = 5*j - 3*z. Let s be (306/12)/(j/(-32)). Calculate the highest common divisor of 34 and s.
34
Let z be (42/49)/(2/(1 + -15)). Let v be (2/z)/(-2 + (-308)/(-156)). Calculate the greatest common factor of v and 9